 highest common divisor of y and 10.
10
Let o be (-4)/((-4)/(-264)*-1). Suppose 0 = -3*b - 117 + 534. Let d = o - b. What is the highest common divisor of d and 25?
25
Let m = -5446 + 5838. What is the highest common factor of 490 and m?
98
Suppose 0 = 3*n + t + 11 + 3, 0 = -4*n + 4*t - 24. Let v(f) = 10*f - 8. Let j be v(n). Let y = j + 82. What is the highest common divisor of 168 and y?
24
Suppose -3*w = 2*t - 109, 5*t = 488*w - 483*w + 235. What is the highest common factor of t and 430?
10
Let z(y) = -y**3 + 12*y**2 - 5*y - 19. Let l be z(-6). Suppose -6517 = -l*t + 652*t. What is the greatest common factor of 49 and t?
49
Let w = 53 + -5. Let b = -9995 + 10023. Calculate the greatest common divisor of b and w.
4
Let i = -87 + 90. Suppose -i*x - 4 + 13 = 0. Suppose -j + 26 = 4*v, 4*j + x - 23 = -4*v. What is the greatest common factor of 7 and v?
7
Let d = 7 + -2. Let x(v) = -4*v - 4*v + v**3 - 8 - 2*v**2 - v**2 - 7*v**2. Let r be x(11). Calculate the highest common divisor of r and d.
5
Let a be (2 + 4)*427/2. Let q be (-1)/(((-45)/a)/5)*3. What is the greatest common factor of 122 and q?
61
Let p(g) = -g**3 - g**2 + 5*g + 6. Let d be p(-2). Suppose -205 = -3*n - 3*o - 19, -4*n - 2*o + 244 = d. Calculate the greatest common factor of n and 100.
20
Suppose 4*p - 13*p + 126 = 0. Let z = 18 - p. Calculate the greatest common factor of z and 3.
1
Let d = 77 - 71. Suppose 0 = c - d*c + 830. Let t = c + 14. What is the highest common factor of t and 45?
45
Suppose 4747*z - 4760*z + 5512 = 0. What is the highest common factor of z and 8?
8
Suppose 0 = 5*o + 25 - 160. Let z = o - 20. Suppose -z*r = -12*r + 70. Calculate the highest common factor of 2 and r.
2
Let z be (-10)/15*15/(-2). Suppose -2*y + 3*v + v + 32 = 0, -3*v = z*y - 132. What is the greatest common factor of 132 and y?
12
Let q be ((-150)/175)/(6/(-2114)). What is the highest common factor of q and 2265?
151
Let r(w) = -106*w - 3 + w**3 + 59*w + 54*w - 9*w**2. Let z be r(9). Let a = z + -38. What is the greatest common divisor of 242 and a?
22
Suppose 27*t - 15*t - 411180 = -98*t. What is the highest common divisor of 21 and t?
21
Let a = 2139 - 2124. What is the highest common factor of a and 555?
15
Let p = 127 + -47. Let w(c) = -5*c**2 + 757*c + 1314. Let i be w(153). What is the greatest common factor of i and p?
10
Let n be ((-25)/(-5) + 2 - 3) + 48. Suppose t + l = -3*l + 70, 5*t - 396 = 3*l. Calculate the greatest common factor of n and t.
26
Let j(p) = 3*p**2 - 10*p - 32. Let m be j(10). Suppose 0 = 2*a - x - 373, -4*a + 5*x + 911 = m. Calculate the greatest common divisor of 11 and a.
11
Let x = -308 - -318. Let d(v) = -10*v**3 - v**2 + v. Let p be d(1). Let r be 3 + -1 - (-58 + p). What is the highest common divisor of x and r?
10
Let g(y) = 30*y + 20 + 0*y**2 - 3*y**2 + 2*y**2 - 16*y. Let k be (-188)/(-12) + -5 + (-2)/3. Let j be g(k). What is the greatest common divisor of j and 30?
30
Let x = -44 - -49. Suppose -3*q - 115 = -x*a, -55 = -3*a - 7*q + 6*q. What is the greatest common factor of a and 90?
10
Let q be (2 + -1)/((-2)/(-54)). Suppose -q*t = -33*t + 54. Suppose m + t = 17. Calculate the greatest common divisor of 56 and m.
8
Let b = -4242 - -5492. What is the greatest common factor of b and 375?
125
Suppose 2*s + 5*n - 1012 = 0, 2*n = -5*s + 2001 + 487. What is the greatest common divisor of s and 155?
31
Let u(r) = 360*r**2 + 451*r - 2744. Let y be u(6). Calculate the greatest common factor of y and 852.
142
Let b = 92 + -88. Suppose -5*q = h - 25, 45 = q + b*q - 3*h. Suppose -7*a = -q*a - 29. Calculate the highest common factor of 58 and a.
29
Suppose -71*c = 97*c - 41*c - 2286. What is the highest common factor of 198 and c?
18
Suppose 30*p = 41199 + 51681. Calculate the greatest common divisor of 860 and p.
172
Suppose -3*u - 3*a = -179 + 65, a = 1. Suppose -2*z = -23 - u. Let j = 26 + -14. Calculate the greatest common factor of j and z.
6
Suppose -4*x + 5269 - 693 = -6*g, x + 4*g = 1166. Calculate the highest common divisor of x and 200.
50
Let s(l) = -l**3 + 6*l**2 + 3*l - 22. Suppose 16*j - 120 = -8*j. Let u be s(j). Calculate the greatest common divisor of 126 and u.
18
Let v = -1789 - -3777. What is the greatest common factor of 28 and v?
28
Suppose -u - 4*y = -34, -2*u + 6*y = 672 - 642. Suppose 3*a - 3*x = 342, 0*x + 3*x - 570 = -5*a. What is the highest common factor of a and u?
6
Suppose -5260*g + 5232*g + 420 = 0. Calculate the highest common factor of 7345 and g.
5
Suppose -470 = 12*p - 14*p. Let z = p + -155. What is the greatest common factor of z and 200?
40
Let l be ((-1820)/(-60))/(2/60). Let k be l/39*(-6)/(-5). What is the greatest common factor of 98 and k?
14
Let f be (-8654)/(-6) + (6/8)/((-306)/544). Calculate the greatest common factor of f and 44.
11
Suppose 100 + 296 = 3*n. Let q(c) = 27*c**2 + 179*c + 363. Let r be q(-5). Calculate the greatest common factor of n and r.
11
Let x = 28 + 71. Suppose -249 - x = -3*i + 3*s, -4*i + 471 = 3*s. What is the greatest common divisor of 27 and i?
9
Let d(m) be the first derivative of 13/2*m**2 - 27 - 12*m. Let g be d(4). Calculate the greatest common factor of g and 8.
8
Let m(v) = -150*v**2 + 478*v. Let o be m(3). Suppose 0*t - 3*t + 882 = 0. What is the highest common factor of o and t?
42
Let z be (15308/(-267))/(11/(-3) - 1*-3). What is the highest common divisor of z and 58?
2
Suppose -7*q + 29 = -83. Suppose -t = q - 12, -x = 2*t - 16. Calculate the greatest common factor of x and 60.
12
Suppose 4*h + 103 = 135. Let f = -1412 - -1448. Calculate the greatest common divisor of h and f.
4
Let x(n) = 10*n**2 - 8*n - 5. Let q be x(-5). What is the greatest common divisor of 912 and q?
57
Let a = -37 - -48. Suppose 15*o = a*o - 72. Let y be o/(-1) + -3 + -1. Calculate the highest common factor of 7 and y.
7
Let l be 3 - (-10*6/(-15) + -72). Let j = 125 - l. What is the highest common divisor of 297 and j?
27
Let k be 1197/9 + (0 - 2). Let o = k - -61. Calculate the highest common divisor of o and 12.
12
Suppose 0 = 48*a - 2614 - 5882. Suppose -a*z - 21912 = -188*z. Calculate the greatest common divisor of 24 and z.
24
Let g be ((-43)/2)/(10/(-120)*2). Suppose g = z - 2*u, -4*z + 3*z - 5*u = -150. Calculate the highest common divisor of 15 and z.
15
Let q = -5097 + 5133. What is the highest common factor of q and 189?
9
Suppose 93*y = -5*a + 98*y + 1760, -728 = -2*a + 5*y. Calculate the highest common factor of 1118 and a.
86
Let k(x) = 8*x**2 - 3*x - 939. Let o be k(31). What is the greatest common factor of 104 and o?
104
Suppose 312 = q + 2*q. Suppose 4*j - 5*r - 374 = 3*j, -3*j - 5*r = -1082. What is the greatest common divisor of j and q?
52
Let s(p) = 81*p**3 - 2*p**2 - 15*p + 16. Let f be s(1). Suppose 2*z = 39 + 1. Calculate the highest common factor of z and f.
20
Let g be (3 - -1 - 2) + -60 + 70. What is the highest common factor of 11244 and g?
12
Let p be (6/12)/(1/16). Suppose p*o - 4*o = -840. Let r be (52/65)/((-4)/o). What is the highest common factor of r and 105?
21
Suppose 0 = -8*i - 3*i + 33. Suppose 5*h - 2304 = -i*d, -3*h + 8*d + 1390 = 6*d. What is the highest common divisor of 42 and h?
42
Let j = -2083 - -2452. Calculate the highest common factor of j and 36.
9
Suppose -2*j + m - 229 = 0, -j - 69 - 63 = -4*m. Let g = -1 + j. Let w = 127 + g. Calculate the highest common factor of 98 and w.
14
Let z(s) = 2*s + 4. Let n be z(3). Suppose -5*g + 75 = x, 0*g + 2*g + 3*x = 43. Suppose -g*v - n = -15*v. What is the greatest common divisor of 70 and v?
10
Suppose -3*r + 322 = 5*a, 1377 = -5*r - 2*a + 1901. Let t = -1 - -1. Let c be (-26)/4*(t + -2). What is the highest common divisor of r and c?
13
Let g be -8 - -6*2/3. Let c be (3/9)/(3/(-108)*g). Suppose 892 = 3*u - 2*k - 325, 2*u - c*k = 808. Calculate the highest common divisor of u and 37.
37
Suppose 0 = 65*a - 496 - 544. What is the highest common factor of 128 and a?
16
Let x(v) = 18*v**2 + 27*v - 213. Let r be x(8). Calculate the greatest common divisor of r and 154.
77
Suppose -3*t - 267 = -a, -5*a + t = 9 - 1330. What is the highest common divisor of 288 and a?
24
Suppose -5*t = -5*g - 835, 344*g - 348 = -2*t + 348*g. Calculate the greatest common divisor of 392 and t.
8
Suppose 5*z + 3 = -2. Let k be (z + -9)